hat is the remainder when 1435746 is divided by 717868?
10
Calculate the remainder when 760065 is divided by 4089.
3600
What is the remainder when 9709281 is divided by 60?
21
Calculate the remainder when 2726197 is divided by 1191.
1189
What is the remainder when 9115130 is divided by 1823001?
125
What is the remainder when 298150 is divided by 4907?
3730
What is the remainder when 785452 is divided by 112?
108
Calculate the remainder when 31651865 is divided by 181.
33
Calculate the remainder when 41992 is divided by 13981.
49
What is the remainder when 61371457 is divided by 143057?
4
Calculate the remainder when 1296007 is divided by 536.
495
What is the remainder when 1211908 is divided by 403966?
10
What is the remainder when 417071 is divided by 207678?
1715
Calculate the remainder when 5458028 is divided by 1819255.
263
Calculate the remainder when 1556246 is divided by 10444.
90
What is the remainder when 121156 is divided by 1001?
35
Calculate the remainder when 523771 is divided by 1740.
31
Calculate the remainder when 844525 is divided by 52.
45
Calculate the remainder when 11269956 is divided by 6082.
10
Calculate the remainder when 74828 is divided by 772.
716
Calculate the remainder when 6364761 is divided by 47.
21
Calculate the remainder when 119181 is divided by 864.
813
What is the remainder when 243899 is divided by 243874?
25
What is the remainder when 1750634 is divided by 156?
2
What is the remainder when 19474 is divided by 374?
26
Calculate the remainder when 42355048 is divided by 1025.
1023
Calculate the remainder when 104125141 is divided by 25.
16
What is the remainder when 3781895 is divided by 24?
23
Calculate the remainder when 16193722 is divided by 622835.
12
What is the remainder when 84882765 is divided by 272?
269
Calculate the remainder when 26027 is divided by 4289.
293
What is the remainder when 25035737 is divided by 8345231?
44
Calculate the remainder when 9701988 is divided by 356.
276
What is the remainder when 452616 is divided by 7417?
179
What is the remainder when 27138 is divided by 8874?
516
What is the remainder when 8844511 is divided by 23?
22
Calculate the remainder when 118885309 is divided by 139.
138
What is the remainder when 1622905 is divided by 811416?
73
What is the remainder when 1427223164 is divided by 168?
164
What is the remainder when 19908597 is divided by 150?
147
What is the remainder when 23338738 is divided by 20?
18
What is the remainder when 244623 is divided by 206?
101
Calculate the remainder when 18174183 is divided by 70.
13
What is the remainder when 9908794 is divided by 316?
298
Calculate the remainder when 573867636 is divided by 323.
319
Calculate the remainder when 12875518 is divided by 210.
208
Calculate the remainder when 144532 is divided by 20622.
178
What is the remainder when 47572 is divided by 6795?
7
Calculate the remainder when 3982085 is divided by 70.
65
Calculate the remainder when 23876 is divided by 1268.
1052
Calculate the remainder when 38030398 is divided by 192.
190
What is the remainder when 16076288 is divided by 373867?
7
What is the remainder when 1836256 is divided by 6685?
4566
Calculate the remainder when 5227791 is divided by 653473.
7
Calculate the remainder when 83022 is divided by 2060.
622
What is the remainder when 1073549 is divided by 536616?
317
What is the remainder when 989229 is divided by 39?
33
What is the remainder when 432735825 is divided by 331?
327
Calculate the remainder when 6441370890 is divided by 23.
21
What is the remainder when 801142 is divided by 163?
160
What is the remainder when 684442 is divided by 22747?
2032
What is the remainder when 343791 is divided by 57292?
39
What is the remainder when 1342065 is divided by 2110?
105
What is the remainder when 2296 is divided by 1989?
307
Calculate the remainder when 2056344 is divided by 62313.
15
Calculate the remainder when 1804174 is divided by 4.
2
Calculate the remainder when 2179519 is divided by 116.
111
Calculate the remainder when 981726 is divided by 1910.
1896
What is the remainder when 120984319 is divided by 155?
154
What is the remainder when 313059 is divided by 20532?
5079
Calculate the remainder when 260511 is divided by 8023.
3775
Calculate the remainder when 896783 is divided by 298768.
479
What is the remainder when 12681376 is divided by 3615?
3571
Calculate the remainder when 498623 is divided by 246473.
5677
What is the remainder when 278069021 is divided by 16?
13
Calculate the remainder when 1326705 is divided by 27060.
765
Calculate the remainder when 88688 is divided by 1211.
285
What is the remainder when 10930962 is divided by 2826?
2820
What is the remainder when 5394221 is divided by 770599?
28
What is the remainder when 40814582 is divided by 18?
14
What is the remainder when 906418860 is divided by 63?
60
What is the remainder when 32798372 is divided by 8199591?
8
What is the remainder when 17998183 is divided by 2200?
2183
Calculate the remainder when 7846545 is divided by 1797.
843
Calculate the remainder when 109073 is divided by 13630.
33
What is the remainder when 2928915 is divided by 7061?
5661
Calculate the remainder when 27270541 is divided by 20566.
25
What is the remainder when 51566723 is divided by 1284?
1283
What is the remainder when 500754 is divided by 902?
144
Calculate the remainder when 2699692 is divided by 137.
107
What is the remainder when 12758485 is divided by 12758398?
87
What is the remainder when 32178 is divided by 3532?
390
What is the remainder when 18555 is divided by 126?
33
Calculate the remainder when 57041 is divided by 1165.
1121
Calculate the remainder when 17734750 is divided by 1389.
1387
Calculate the remainder when 1099651 is divided by 1064.
539
Calculate the remainder when 58563 is divided by 991.
94
What is the remainder when 34664995 is divided by 287?
274
Calculate the remainder when 8214530 is divided by 4107262.
6
What is the remainder when 873203 is divided by 14?
9
What is the remainder when 47970496 is divided by 47970481?
15
What is the remainder when 306866 is divided by 3885?
3836
What is the remainder when 685570 is divided by 4061?
3322
Calculate the remainder when 39287 is divided by 144.
119
What is the remainder when 1312750 is divided by 62?
24
What is the remainder when 225730 is divided by 9404?
34
Calculate the remainder when 4128748 is divided by 74.
66
Calculate the remainder when 1293567 is divided by 194.
169
What is the remainder when 3051991 is divided by 140?
131
What is the remainder when 29266 is divided by 811?
70
What is the remainder when 383181 is divided by 613?
56
What is the remainder when 59233816 is divided by 8461972?
12
What is the remainder when 718635 is divided by 359283?
69
Calculate the remainder when 841917 is divided by 280183.
1368
Calculate the remainder when 373272 is divided by 1763.
1279
Calculate the remainder when 3902957 is divided by 2406.
425
Calculate the remainder when 6513264 is divided by 21285.
54
Calculate the remainder when 79521989 is divided by 607038.
11
What is the remainder when 804448 is divided by 3018?
1660
Calculate the remainder when 20908099 is divided by 62599.
33
Calculate the remainder when 17936175 is divided by 17936170.
5
What is the remainder when 615735 is divided by 3362?
489
What is the remainder when 205561 is divided by 1932?
769
What is the remainder when 524105 is divided by 14?
1
What is the remainder when 2640976 is divided by 10734?
412
Calculate the remainder when 3523298 is divided by 995.
3
What is the remainder when 113371 is divided by 6562?
1817
What is the remainder when 192591 is divided by 96185?
221
What is the remainder when 109554374 is divided by 751?
747
Calculate the remainder when 271785 is divided by 135821.
143
Calculate the remainder when 2611898 is divided by 200914.
16
What is the remainder when 46190644 is divided by 4146?
58
What is the remainder when 316674597 is divided by 4347?
4341
What is the remainder when 49973071 is divided by 22?
5
Calculate the remainder when 3813902 is divided by 19262.
26
What is the remainder when 3414956 is divided by 357?
251
What is the remainder when 33534 is divided by 5467?
732
What is the remainder when 67833 is divided by 2597?